 (base 9) to base 10
7467
d1d (base 14) to base 10
2575
What is 1040 (base 8) in base 2?
1000100000
What is 14424 (base 5) in base 9?
1626
23f9 (base 16) to base 11
6a12
Convert 6955 (base 14) to base 12.
a713
-16a0 (base 16) to base 9
-7845
Convert -c (base 14) to base 5.
-22
Convert 15122 (base 6) to base 13.
1148
121321 (base 4) to base 13
9a6
-33a (base 13) to base 14
-2ba
Convert -4344 (base 7) to base 15.
-6d6
-1031323 (base 4) to base 13
-2368
Convert -42b (base 14) to base 11.
-689
What is 11102000 (base 3) in base 4?
302031
What is 210221 (base 3) in base 10?
592
-2133 (base 6) to base 10
-489
Convert -6416 (base 8) to base 12.
-1b26
What is 100010010000 (base 2) in base 6?
14052
-4128 (base 9) to base 3
-11010222
6a5 (base 11) to base 4
31021
386 (base 9) to base 6
1253
What is 966 (base 10) in base 6?
4250
What is 311321 (base 4) in base 15?
104e
2980 (base 10) to base 7
11455
Convert -1000000001 (base 2) to base 12.
-369
Convert -10768 (base 11) to base 8.
-36312
Convert 4520 (base 6) to base 10.
1056
62446 (base 7) to base 15
4817
What is -47a (base 13) in base 3?
-1001210
Convert 10343 (base 6) to base 4.
112113
Convert 405152 (base 6) to base 14.
ba7a
What is 5d8 (base 16) in base 9?
2042
Convert 91a (base 13) to base 10.
1544
What is 14a57 (base 12) in base 8?
70743
What is 1206 (base 11) in base 7?
4414
2227 (base 9) to base 8
3155
-a06c (base 14) to base 12
-13b28
Convert -462 (base 16) to base 7.
-3162
Convert -10412 (base 7) to base 16.
-a2e
3033121 (base 4) to base 6
141241
-27a (base 13) to base 16
-1b7
Convert 1034 (base 5) to base 12.
100
-8040 (base 13) to base 11
-12276
Convert -20200220 (base 3) to base 16.
-1314
What is -1224213 (base 5) in base 10?
-23683
What is -637 (base 16) in base 15?
-711
-6b (base 14) to base 11
-87
Convert -1222201201 (base 3) to base 9.
-58651
What is -2202221 (base 3) in base 6?
-13211
Convert 12056 (base 14) to base 3.
2020022220
Convert 4402 (base 6) to base 13.
5c9
What is -31 (base 12) in base 5?
-122
What is 39173 (base 10) in base 16?
9905
-5380 (base 10) to base 14
-1d64
What is 2103 (base 4) in base 15?
9c
88445 (base 9) to base 7
333044
-244ca (base 13) to base 4
-100103000
-443363 (base 7) to base 2
-10011000011100101
What is -1100100110101 (base 2) in base 11?
-4937
-2121212 (base 3) to base 4
-131321
What is -1967 (base 16) in base 7?
-24650
1251 (base 11) to base 12
b39
Convert -11722 (base 9) to base 16.
-1ec5
What is 4db (base 15) in base 12?
782
What is 110200 (base 4) in base 13?
79c
Convert -14666 (base 7) to base 12.
-246b
1dff (base 16) to base 8
16777
What is 36241 (base 7) in base 8?
22254
What is a195 (base 11) in base 8?
32337
What is 521023 (base 6) in base 13?
15c9c
What is 2211 (base 8) in base 7?
3246
Convert -3242030 (base 5) to base 9.
-84600
Convert 10100010001110 (base 2) to base 13.
4958
What is 1001100101101001 (base 2) in base 7?
222333
What is -102042 (base 5) in base 7?
-12622
Convert -ab9a (base 14) to base 13.
-106c1
What is -53366 (base 10) in base 4?
-31001312
What is 1018 (base 12) in base 8?
3324
What is -133402 (base 5) in base 10?
-5477
What is -32244 (base 5) in base 9?
-3013
168 (base 12) to base 16
e0
What is 1327 (base 10) in base 14?
6ab
What is -110011 (base 3) in base 11?
-279
Convert -1400 (base 16) to base 12.
-2b68
Convert -e66 (base 15) to base 11.
-2491
-14303 (base 8) to base 13
-2b68
What is 4250 (base 9) in base 13?
1563
What is 10121 (base 10) in base 6?
114505
What is -46bd (base 16) in base 11?
-12673
What is a16 (base 12) in base 6?
10430
What is 36642 (base 8) in base 4?
3312202
Convert -661b (base 14) to base 10.
-17665
11202122 (base 3) to base 2
110110010001
What is -2a9 (base 12) in base 3?
-120110
Convert 14a8 (base 12) to base 13.
1151
What is a65 (base 13) in base 10?
1773
Convert 1d78 (base 15) to base 6.
45405
Convert 220111 (base 3) to base 8.
1225
611 (base 15) to base 14
6d8
-212112 (base 4) to base 6
-15210
What is -70034 (base 9) in base 2?
-1011001110000110
What is a738 (base 15) in base 3?
1210112022
What is 192 (base 15) in base 8?
552
-442 (base 5) to base 8
-172
Convert e87 (base 16) to base 15.
117e
Convert 101100111001 (base 2) to base 9.
3842
What is 7a (base 16) in base 13?
95
What is 9a (base 16) in base 7?
310
What is 407 (base 8) in base 4?
10013
Convert -336 (base 11) to base 2.
-110010010
Convert 1101000101111 (base 2) to base 11.
5044
3106 (base 9) to base 16
8e2
1889 (base 12) to base 9
4076
1159 (base 10) to base 11
964
Convert -271 (base 16) to base 3.
-212011
What is -3770 (base 8) in base 3?
-2210120
1285 (base 9) to base 12
688
What is -210022000 (base 3) in base 8?
-36245
-12187 (base 10) to base 14
-4627
Convert 26048 (base 12) to base 15.
1059b
4234433 (base 5) to base 15
16198
-121 (base 8) to base 2
-1010001
Convert 22 (base 15) to base 5.
112
91b (base 16) to base 5
33311
-2442 (base 5) to base 4
-11310
Convert -1000011100 (base 2) to base 5.
-4130
3806 (base 12) to base 9
8626
-793 (base 12) to base 13
-681
Convert 26426 (base 11) to base 9.
56737
9970 (base 10) to base 6
114054
Convert -3b7 (base 12) to base 3.
-210011
Convert 22643 (base 9) to base 16.
3b01
What is 3413 (base 9) in base 11?
1994
Convert 130120 (base 4) to base 3.
2111021
2100110212 (base 3) to base 11
31848
Convert 10233 (base 5) to base 16.
2b5
3b76 (base 15) to base 9
18383
Convert 1626 (base 9) to base 11.
a27
Convert 853 (base 13) to base 9.
1847
What is 4f3 (base 16) in base 5?
20032
What is -31303212 (base 4) in base 3?
-2212120110
What is 131013 (base 5) in base 6?
35433
Convert -110443 (base 5) to base 9.
-5273
-150121 (base 6) to base 11
-a825
Convert -57003 (base 11) to base 15.
-196ba
Convert 102 (base 5) to base 15.
1c
What is 2649 (base 12) in base 6?
32133
Convert 138 (base 16) to base 10.
312
10004 (base 6) to base 2
10100010100
Convert 11011001111 (base 2) to base 5.
23433
What is 1110010101100 (base 2) in base 11?
5573
4052 (base 12) to base 9
10508
What is 2c (base 14) in base 16?
28
What is 8cd (base 14) in base 9?
2353
Convert 655 (base 7) to base 16.
14e
413 (base 8) to base 7
531
1a42 (base 15) to base 5
140222
What is -30102 (base 4) in base 12?
-556
Convert 41621 (base 7) to base 15.
308b
What is 112003 (base 4) in base 12?
997
What is -3524 (base 7) in base 6?
-5552
What is 1110111011 (base 2) in base 14?
4c3
48b (base 16) to base 7
3251
What is -2c9 (base 15) in base 3?
-212200
Convert -415 (base 11) to base 4.
-13310
What is 1121100 (base 3) in base 15?
530
What is 120121 (base 3) in base 5?
3141
What is -1045 (base 10) in base 4?
-100111
What is 12111 (base 3) in base 2?
10010100
Convert -1d7 (base 16) to base 6.
-2103
Convert 1032 (base 4) to base 5.
303
-5a4 (base 12) to base 6
-3524
Convert 1bd (base 16) to base 12.
311
Convert -cd (base 14) to base 9.
-221
40 (base 8) to base 2
100000
What is 491 (base 16) in base 6?
5225
Convert 3112113 (base 4) to base 8.
32627
What is 2020000210 (base 3) in base 4?
22223301
-4bd8 (base 15) to base 2
-11111100110010
What is -6077 (base 8) in base 2?
-110000111111
-2220101 (base 4) to base 12
-6295
What is -10212221 (base 4) in base 14?
-6c2d
What is 1022202 (base 4) in base 5?
123040
What is -433 (base 9) in base 8?
-542
-363a (base 11) to base 13
-2224
-15a (base 11) to base 13
-114
-16015 (base 7) to base 16
-1177
Convert 336 (base 7) to base 2.
10101110
3103002 (base 4) to base 13
61bc
What is 8b1 (base 15) in base 16?
7ae
1124 (base 5) to base 14
ba
What is 21520 (base 7) in base 9?
7364
Convert -3314 (base 7) to base 5.
-14222
Convert 467 (base 12) to base 16.
28f
Convert -1450 (base 6) to base 16.
-186
Convert 3255 (base 8) to base 15.
78e
-2323110 (base 4) to base 12
-6b30
6a97 (base 14) to base 4
10201331
805a (base 12) to base 4
3121012
Convert -1210101 (base 3) to base 16.
-51a
45 (base 14) to base 16
3d
200 (base 11) to base 9
288
-96d (base 15) to base 2
-100001010000
2000121 (base 3) to base 11
1120
2b7b (base 14) to base 2
1111001001001
What is -53064 (base 7) in base 6?
-140320
What is -11112111 (base 3) in base 10?
-3307
-178b (base 12) to base 14
-1071
1001010010100110 (base 2) to base 7
215642
What is 12461 (base 9) in base 15?
274d
Convert 21330 (base 4) to base 8.
1174
What is 352 (base 11) in base 3?
120120
What is -1014 (